by 390?
5
What is the remainder when 622061 is divided by 56535?
176
Calculate the remainder when 1286077 is divided by 98885.
572
Calculate the remainder when 595566 is divided by 804.
606
Calculate the remainder when 55893230 is divided by 679.
666
What is the remainder when 209086796 is divided by 277?
271
Calculate the remainder when 107031298 is divided by 167.
163
Calculate the remainder when 37473000 is divided by 127.
126
What is the remainder when 1202884 is divided by 601418?
48
What is the remainder when 42697685 is divided by 29?
28
What is the remainder when 27715658 is divided by 274?
10
Calculate the remainder when 5544865 is divided by 1848277.
34
What is the remainder when 246412896 is divided by 2217?
2214
What is the remainder when 1650293 is divided by 596?
565
Calculate the remainder when 653741 is divided by 217879.
104
Calculate the remainder when 4356823 is divided by 15959.
16
Calculate the remainder when 746256 is divided by 29819.
781
Calculate the remainder when 91265 is divided by 2443.
874
Calculate the remainder when 3845883 is divided by 222.
177
What is the remainder when 348950 is divided by 14?
0
Calculate the remainder when 37596008 is divided by 7935.
7913
Calculate the remainder when 1425137 is divided by 14845.
17
Calculate the remainder when 805399 is divided by 3371.
3101
What is the remainder when 756278 is divided by 378093?
92
What is the remainder when 1974248 is divided by 84?
80
Calculate the remainder when 2576815 is divided by 858883.
166
What is the remainder when 39518206 is divided by 17152?
17150
What is the remainder when 67304070 is divided by 6730407?
0
Calculate the remainder when 51105 is divided by 1415.
165
Calculate the remainder when 39938 is divided by 505.
43
Calculate the remainder when 367571 is divided by 3951.
128
What is the remainder when 1176161 is divided by 4156?
13
What is the remainder when 1932954953 is divided by 379?
377
Calculate the remainder when 83184886 is divided by 4.
2
Calculate the remainder when 58991545 is divided by 289.
287
What is the remainder when 69103395 is divided by 1047021?
9
What is the remainder when 371852 is divided by 309?
125
What is the remainder when 11383347 is divided by 33?
30
Calculate the remainder when 1994255 is divided by 2907.
53
What is the remainder when 685676982 is divided by 2903?
2897
What is the remainder when 1574806 is divided by 3472?
1990
What is the remainder when 6879460 is divided by 1591?
1567
Calculate the remainder when 237690 is divided by 5659.
12
What is the remainder when 7564368 is divided by 3185?
3178
What is the remainder when 2372005 is divided by 34?
29
Calculate the remainder when 3169142 is divided by 528.
86
Calculate the remainder when 2207693 is divided by 315384.
5
Calculate the remainder when 4985570 is divided by 199417.
145
Calculate the remainder when 99728 is divided by 98699.
1029
What is the remainder when 24495310 is divided by 96060?
10
Calculate the remainder when 135201 is divided by 593.
590
Calculate the remainder when 206955 is divided by 29549.
112
What is the remainder when 222692 is divided by 2846?
704
Calculate the remainder when 807942996 is divided by 967.
958
What is the remainder when 3036243 is divided by 2604?
2583
Calculate the remainder when 25159908 is divided by 5682.
12
What is the remainder when 4621298 is divided by 68974?
40
Calculate the remainder when 112840 is divided by 391.
232
What is the remainder when 2260053 is divided by 190?
3
What is the remainder when 548424706 is divided by 113?
111
What is the remainder when 2753923 is divided by 50071?
18
What is the remainder when 9430461 is divided by 362?
361
Calculate the remainder when 7274640 is divided by 397.
12
Calculate the remainder when 11839542 is divided by 13.
0
What is the remainder when 65799583 is divided by 8?
7
What is the remainder when 3344041 is divided by 453?
448
What is the remainder when 144644 is divided by 72072?
500
What is the remainder when 4476683 is divided by 7303?
7247
What is the remainder when 191701907 is divided by 6439?
6438
Calculate the remainder when 2802188 is divided by 2805.
2798
Calculate the remainder when 9461302 is divided by 455.
32
What is the remainder when 394437 is divided by 39429?
147
What is the remainder when 842409 is divided by 1800?
9
What is the remainder when 20882828 is divided by 29961?
11
Calculate the remainder when 3375010 is divided by 2256.
34
Calculate the remainder when 307504 is divided by 1757.
29
Calculate the remainder when 756872 is divided by 13.
12
What is the remainder when 107687 is divided by 21494?
217
What is the remainder when 13791411 is divided by 4597135?
6
Calculate the remainder when 276269 is divided by 2320.
189
What is the remainder when 9217707 is divided by 230?
227
Calculate the remainder when 2457735 is divided by 1172.
51
Calculate the remainder when 1649029 is divided by 103.
102
What is the remainder when 2143465 is divided by 19?
18
Calculate the remainder when 1566524 is divided by 37298.
8
Calculate the remainder when 13326933 is divided by 46.
43
What is the remainder when 82875444 is divided by 38?
28
What is the remainder when 6229305 is divided by 1830?
1815
Calculate the remainder when 60680118 is divided by 60680110.
8
Calculate the remainder when 5532864 is divided by 335.
4
Calculate the remainder when 68841182 is divided by 2298.
2294
What is the remainder when 823338 is divided by 1442?
1398
Calculate the remainder when 1404945 is divided by 5072.
1
Calculate the remainder when 9333660 is divided by 1969.
600
Calculate the remainder when 218693 is divided by 72641.
770
What is the remainder when 407222 is divided by 1470?
32
Calculate the remainder when 71563195 is divided by 510.
505
What is the remainder when 22302685 is divided by 5465?
20
What is the remainder when 24265498 is divided by 11544?
10
Calculate the remainder when 59734113 is divided by 14933523.
21
Calculate the remainder when 737445464 is divided by 255.
254
Calculate the remainder when 1700760 is divided by 289.
284
Calculate the remainder when 10788 is divided by 3022.
1722
Calculate the remainder when 546036 is divided by 84.
36
What is the remainder when 27670 is divided by 5500?
170
Calculate the remainder when 2575408 is divided by 859.
126
Calculate the remainder when 84578275 is divided by 20.
15
Calculate the remainder when 1944840 is divided by 243086.
152
What is the remainder when 2391466 is divided by 6?
4
Calculate the remainder when 2837237 is divided by 937.
1
What is the remainder when 12824173 is divided by 455?
453
Calculate the remainder when 276092 is divided by 1416.
1388
What is the remainder when 6659132 is divided by 141683?
31
Calculate the remainder when 1523629889 is divided by 90.
89
Calculate the remainder when 188556 is divided by 15690.
276
Calculate the remainder when 402472157 is divided by 59.
58
Calculate the remainder when 331001 is divided by 347.
310
What is the remainder when 42437523 is divided by 530469?
3
Calculate the remainder when 66670 is divided by 794.
768
Calculate the remainder when 1106160 is divided by 221224.
40
What is the remainder when 3556410 is divided by 9?
6
Calculate the remainder when 342575894 is divided by 114191963.
5
What is the remainder when 878444 is divided by 683?
106
Calculate the remainder when 66762109 is divided by 1301.
1294
Calculate the remainder when 989940 is divided by 164949.
246
Calculate the remainder when 510575 is divided by 279.
5
What is the remainder when 1468632 is divided by 1468577?
55
What is the remainder when 94013036 is divided by 4470?
4466
What is the remainder when 53909 is divided by 6310?
3429
Calculate the remainder when 61041 is divided by 30295.
451
Calculate the remainder when 21929120 is divided by 3214.
3212
What is the remainder when 1198193 is divided by 25?
18
What is the remainder when 500787 is divided by 26?
1
Calculate the remainder when 447066591 is divided by 4765.
4761
Calculate the remainder when 705564 is divided by 3193.
3104
Calculate the remainder when 1238002 is divided by 36.
34
What is the remainder when 655086 is divided by 4337?
199
What is the remainder when 1032860 is divided by 48?
44
Calculate the rem